is 411303 (base 9) in base 13?
86c28
What is 10100001100010110010 (base 2) in base 8?
2414262
Convert 2e6051 (base 15) to base 8.
10446222
What is -3b383 (base 16) in base 6?
-5110551
What is -35023 (base 15) in base 13?
-5ba94
Convert 5005584 (base 10) to base 5.
2240134314
-424426 (base 8) to base 5
-14012330
What is -4667b (base 15) in base 9?
-371508
-2b860 (base 15) to base 9
-233360
What is 120030303 (base 4) in base 9?
160866
-1337831 (base 9) to base 7
-6145042
43012103 (base 5) to base 6
11415542
Convert 483dbe (base 16) to base 12.
1703992
What is 3013415 (base 7) in base 8?
1270351
Convert -109ac (base 15) to base 3.
-2200110000
Convert -b1999 (base 13) to base 12.
-134053
Convert -30a32a (base 16) to base 15.
-42e69d
What is 2510325 (base 9) in base 10?
1364954
What is 7345 (base 12) in base 6?
134125
Convert -11111001100 (base 2) to base 5.
-30441
What is -3040443222 (base 5) in base 4?
-113212210300
What is -1513127 (base 8) in base 12?
-1899b3
814961 (base 10) to base 3
1112101220202
Convert 30112322 (base 4) to base 13.
1a069
-365551 (base 7) to base 15
-14bed
Convert -58e0c (base 16) to base 14.
-96952
-850ab (base 12) to base 8
-525103
What is -1457617 (base 9) in base 7?
-6564664
Convert 1012121011000011 (base 3) to base 13.
3787384
What is -26185044 (base 9) in base 6?
-1135502234
Convert -1617063 (base 9) to base 13.
-255651
1123055 (base 6) to base 13
20360
31805724 (base 9) to base 6
1305053034
-21211210212021 (base 3) to base 13
-b2c7c2
Convert 141403342 (base 5) to base 13.
1c8094
11002501 (base 6) to base 16
4fe25
Convert d02396 (base 14) to base 6.
405553440
Convert 1031311010 (base 4) to base 2.
1001101110101000100
61618 (base 10) to base 5
3432433
-171460 (base 11) to base 7
-2153550
-4563402 (base 7) to base 13
-16c746
What is 22100210120100 (base 3) in base 2?
10000111101000011101110
Convert -3133515 (base 6) to base 3.
-21202011002
Convert 55329 (base 15) to base 9.
452313
10112100102102 (base 3) to base 12
766102
Convert 4210 (base 13) to base 11.
6959
What is -136619 (base 11) in base 14?
-57c4a
-221010100101 (base 3) to base 9
-833311
-230210102122 (base 4) to base 7
-201206065
212442 (base 6) to base 15
5285
What is 53c9a (base 13) in base 5?
14322201
Convert -23214520 (base 7) to base 10.
-2037679
6041a (base 14) to base 8
703610
What is -110100101101 (base 3) in base 5?
-30234122
Convert -55402 (base 9) to base 3.
-1212110002
-30533140 (base 6) to base 13
-24c06c
What is -10202332001 (base 4) in base 2?
-100100010111110000001
21484b (base 13) to base 11
494049
Convert 1000010000001111010000101 (base 2) to base 7.
300061324
Convert b66e (base 15) to base 16.
96b3
What is 1aad8 (base 15) in base 16?
1532c
Convert 794a6 (base 14) to base 3.
112222000211
Convert 4034514 (base 6) to base 13.
6926b
What is -56070 (base 13) in base 12?
-763a6
466284 (base 10) to base 11
299365
14735632 (base 8) to base 5
1331442422
What is -32416015 (base 7) in base 6?
-135311214
49c71 (base 16) to base 14
7c1b3
5014443 (base 6) to base 8
714133
Convert -aa155 (base 13) to base 9.
-518221
Convert 1342301 (base 5) to base 7.
144061
Convert -2b4280 (base 13) to base 11.
-66898a
What is -1413102 (base 9) in base 8?
-2754424
-10110100011000110000111 (base 2) to base 9
-12108227
Convert 1355105 (base 6) to base 9.
127375
What is -10100100001101010 (base 2) in base 5?
-10142244
Convert -32023202 (base 5) to base 11.
-172912
Convert -74625 (base 13) to base 10.
-209760
What is 11443034 (base 5) in base 2?
11010101001011000
210010212303 (base 4) to base 5
4410043201
-15071 (base 14) to base 5
-3132420
-64247 (base 10) to base 9
-107115
What is 3095268 (base 10) in base 11?
1824580
ac57c (base 14) to base 3
210020122002
-11452513 (base 6) to base 11
-22a094
c01066 (base 13) to base 4
101000111011
3260313 (base 10) to base 12
1112909
What is 214828 (base 11) in base 4?
1103300121
What is -664154 (base 8) in base 3?
-102100100212
Convert b68141 (base 12) to base 14.
54bd4d
133332033 (base 6) to base 8
12200125
What is 1394ab9 (base 12) in base 10?
3927597
104ab5 (base 15) to base 14
162783
Convert -432ba2 (base 13) to base 16.
-181118
Convert 343440102 (base 5) to base 12.
626a05
1213402211 (base 5) to base 10
2872181
Convert -63a1 (base 12) to base 11.
-8229
What is -233230 (base 4) in base 7?
-11620
21301302 (base 4) to base 6
505230
-334131112 (base 5) to base 13
-3c7b46
-15721 (base 11) to base 8
-53226
What is 204085 (base 12) in base 8?
1731545
What is 121110200100 (base 3) in base 13?
b4723
What is -422035 (base 7) in base 5?
-4311432
What is -546116 (base 10) in base 12?
-224058
-237891 (base 11) to base 10
-376410
Convert 10925 (base 16) to base 7.
401615
507474 (base 12) to base 10
1256920
-433044424 (base 5) to base 13
-4c8826
Convert 528518 (base 13) to base 14.
384141
1103002 (base 4) to base 10
5314
Convert 24433230 (base 5) to base 10.
233565
-219987 (base 14) to base 16
-1167a3
52b9 (base 15) to base 13
7c71
What is 1544555 (base 7) in base 5?
23303240
1010010110011111 (base 2) to base 11
29945
What is 50f0b6 (base 16) in base 11?
2aa3395
-122610 (base 13) to base 4
-1221322230
What is 12a62 (base 13) in base 3?
1202122010
What is 24551465 (base 7) in base 10?
2214308
3b05b6c (base 13) to base 6
1502103200
What is -11878 (base 15) in base 4?
-31221221
Convert 89a4 (base 11) to base 5.
334401
What is -28388 (base 13) in base 14?
-1d63b
What is -2e590 (base 15) in base 7?
-1162422
30013032 (base 4) to base 14
1411c
Convert -1106632 (base 8) to base 15.
-5d62e
Convert -2111210000020 (base 3) to base 12.
-544050
-97424 (base 11) to base 12
-69b38
-62770 (base 9) to base 10
-41454
Convert 1250b1 (base 12) to base 16.
49045
Convert -3c2d8a (base 14) to base 3.
-10220210211011
-2441114 (base 6) to base 4
-133231012
-7d228 (base 14) to base 4
-1022131310
-74536 (base 16) to base 5
-110221340
Convert -10100101111000 (base 2) to base 12.
-6188
What is -231514 (base 7) in base 10?
-41416
3b9e (base 16) to base 10
15262
Convert -22342132 (base 5) to base 14.
-52a9d
What is -70578 (base 12) in base 9?
-242202
What is 3334211 (base 5) in base 11?
400a7
What is -112213101 (base 4) in base 12?
-45729
Convert -2120311120 (base 4) to base 3.
-1011210201111
-101001000110010010010 (base 2) to base 6
-44510430
Convert 441448 (base 10) to base 4.
1223301220
What is 131031300 (base 4) in base 10?
119664
What is b371b (base 12) in base 9?
386365
Convert 4228b (base 14) to base 9.
263017
10604142 (base 7) to base 12
387950
What is 1021012222101 (base 3) in base 2?
10100100011100101011
What is -722465a (base 11) in base 8?
-60526632
-209631 (base 13) to base 12
-309959
What is 132332200 (base 4) in base 16?
1efa0
26654 (base 12) to base 4
30320200
What is -11450011 (base 7) in base 2?
-11111001001000010001
ebb08e (base 15) to base 3
210010022022222
What is -231002223 (base 4) in base 8?
-550253
What is 4500370 (base 8) in base 5?
302301124
What is -3436256 (base 7) in base 6?
-13112435
Convert 11606013 (base 7) to base 10.
1044102
What is -b367 (base 15) in base 10?
-37897
-4260556 (base 11) to base 13
-1726415
What is 325354 (base 9) in base 12?
9447a
Convert 123524240 (base 6) to base 11.
1404667
What is 100001111010011011001 (base 2) in base 7?
12305550
Convert 10522136 (base 7) to base 10.
913142
Convert -44893c (base 13) to base 4.
-12023022010
6252063 (base 7) to base 14
1581da
Convert 277d2 (base 15) to base 6.
2414155
Convert 5534323 (base 6) to base 11.
17a160
-2000903 (base 10) to base 16
-1e8807
10040311104 (base 5) to base 12
346615b
Convert 241942 (base 10) to base 5.
30220232
Convert 1010110111100011010 (base 2) to base 4.
1112330122
Convert -b81503 (base 13) to base 6.
-232300204
What is 10000000000000010 (base 2) in base 3?
10022220100
101001111101100011011 (base 2) to base 8
5175433
Convert -265974 (base 11) to base 13.
-118205
Convert 2600191 (base 10) to base 5.
1131201231
What is 43013403 (base 5) in base 12?
15473a
Convert -4314121 (base 5) to base 8.
-216514
What is -179843 (base 10) in base 3?
-100010200212
Convert 151464 (base 8) to base 2.
1101001100110100
Convert -101100111011100 (base 2) to base 5.
-1214004
aa368 (base 14) to base 7
3334661
Convert 878505 (base 9) to base 2.
10000000000100010001
-1111110110101101111100